omposite?
True
Is 4133903 a prime number?
False
Is 6302003 composite?
False
Is 8891611 composite?
False
Is 89297531 composite?
False
Is 6372287 a prime number?
True
Is 1438667 composite?
False
Is 7642643 a prime number?
False
Is 2829721 a composite number?
True
Is 22169851 prime?
False
Is 26079569 prime?
False
Is 6903035 prime?
False
Is 43156129 prime?
True
Is 26497873 a composite number?
False
Is 110453269 a composite number?
False
Is 2485001 composite?
False
Is 9814043 composite?
False
Is 3884261 a composite number?
False
Is 20113051 a prime number?
False
Is 1962829 composite?
True
Is 42436171 a prime number?
True
Is 50943395 a composite number?
True
Is 59258723 a prime number?
True
Is 7535119 a composite number?
True
Is 600079 prime?
False
Is 371027 a composite number?
False
Is 3785569 composite?
False
Is 69371293 prime?
False
Is 551234201 prime?
False
Is 33424627 prime?
False
Is 207349 prime?
False
Is 65529623 a prime number?
True
Is 887913539 prime?
True
Is 538072127 composite?
True
Is 5446667 prime?
True
Is 78701083 a prime number?
True
Is 1636903 a prime number?
False
Is 60726221 prime?
True
Is 8755078 a prime number?
False
Is 1035743 a composite number?
False
Is 5163719 prime?
False
Is 33465113 a composite number?
True
Is 10251301 a prime number?
False
Is 3445357 a prime number?
True
Is 5194489 prime?
True
Is 29078401 a composite number?
True
Is 8647465 composite?
True
Is 21093799 composite?
False
Is 36347023 a prime number?
True
Is 2658583 a prime number?
True
Is 37938993 a prime number?
False
Is 649579417 a composite number?
False
Is 99353081 composite?
False
Is 2812883 prime?
True
Is 3503299 a composite number?
False
Is 45596869 prime?
False
Is 193891 composite?
False
Is 173401 composite?
True
Is 8255027 composite?
True
Is 17769 composite?
True
Is 104243 prime?
True
Is 1805819 composite?
False
Is 495568523 prime?
True
Is 75155629 prime?
False
Is 101733233 prime?
False
Is 29222971 composite?
True
Is 503412023 prime?
True
Is 287173 a composite number?
False
Is 4357997 a composite number?
True
Is 5615573 a composite number?
True
Is 401707 prime?
True
Is 1067621 composite?
False
Is 37895815 a composite number?
True
Is 4484959 a composite number?
False
Is 17598457 composite?
False
Is 1293893 a composite number?
True
Is 42465697 a prime number?
True
Is 4096999 composite?
False
Is 42156557 composite?
True
Is 419687 composite?
False
Is 96455795 prime?
False
Is 2967149 a composite number?
True
Is 450701 a composite number?
True
Is 159097181 composite?
False
Is 123677 prime?
True
Is 7178159 a prime number?
True
Is 26293811 prime?
False
Is 79736383 a prime number?
False
Is 85526717 a prime number?
True
Is 6345529 a composite number?
True
Is 823819 a composite number?
False
Is 85394 a prime number?
False
Is 54378851 a composite number?
True
Is 52610561 a composite number?
False
Is 1885219 composite?
True
Is 37663061 a composite number?
False
Is 597352255 composite?
True
Is 25853669 a prime number?
True
Is 215334205 prime?
False
Is 23244647 prime?
True
Is 9842858 a composite number?
True
Is 29996171 prime?
True
Is 1738753 a prime number?
False
Is 148643831 a prime number?
False
Is 13504661 prime?
True
Is 14526929 composite?
True
Is 124383769 prime?
True
Is 5307641 prime?
False
Is 214865083 prime?
True
Is 75790523 prime?
True
Is 1255301 a composite number?
False
Is 221021 a composite number?
False
Is 178177669 prime?
False
Is 198437281 a prime number?
False
Is 181484263 prime?
True
Is 226369237 a composite number?
False
Is 9834871 composite?
False
Is 12268561 a prime number?
False
Is 25401713 composite?
False
Is 91346621 composite?
False
Is 145045007 prime?
False
Is 1062793 prime?
True
Is 4014899 a prime number?
False
Is 287919109 a prime number?
True
Is 7570499 composite?
True
Is 1203629 a composite number?
True
Is 1212551 a prime number?
True
Is 74168849 a prime number?
True
Is 260235497 prime?
False
Is 2504441 a prime number?
True
Is 1740091 a prime number?
False
Is 1507993 a prime number?
True
Is 212051 a composite number?
True
Is 510400489 prime?
True
Is 101929903 a composite number?
False
Is 3523687 a prime number?
False
Is 3689491 a prime number?
False
Is 10068833 a composite number?
False
Is 1744357 prime?
True
Is 21766193 a composite number?
True
Is 88438373 prime?
True
Is 190229651 prime?
True
Is 46389817 prime?
True
Is 7052197 composite?
False
Is 1157492639 prime?
True
Is 5455157 composite?
False
Is 26330719 prime?
False
Is 26018639 prime?
True
Is 1837079 prime?
False
Is 3386177 a composite number?
True
Is 349017419 a prime number?
True
Is 6926291 composite?
False
Is 224777981 prime?
True
Is 217340329 a prime number?
True
Is 1718429 a composite number?
False
Is 4590049 a composite number?
True
Is 235491013 composite?
False
Is 43636181 prime?
True
Is 14683 composite?
False
Is 15326501 composite?
False
Is 251551 composite?
True
Is 961811 prime?
True
Is 91520791 a prime number?
False
Is 118367699 composite?
True
Is 133851137 a prime number?
False
Is 10732411 a prime number?
True
Is 9624721 a prime number?
True
Is 216785519 a composite number?
False
Is 100721323 prime?
False
Is 66493703 a prime number?
True
Is 34214503 prime?
True
Is 3241457 a prime number?
False
Is 25465157 a composite number?
False
Is 1290377 composite?
True
Is 3583289 a prime number?
True
Is 1301227 a composite number?
True
Is 5527367 prime?
True
Is 106211657 a composite number?
False
Is 1084723 a composite number?
False
Is 22147253 a composite number?
True
Is 314235869 a composite number?
True
Is 33494765 a composite number?
True
Is 6133357 a prime number?
False
Is 151518867 a composite number?
True
Is 88422149 composite?
False
Is 49451 prime?
True
Is 8882243 prime?
False
Is 485647 composite?
False
Is 1657519 a prime number?
True
Is 126467663 a composite number?
True
Is 15453461 prime?
True
Is 354756991 composite?
True
Is 27885881 prime?
True
Is 1235341 a prime number?
False
Is 529420634 a prime number?
False
Is 13449421 a prime number?
True
Is 45311155 a prime number?
False
Is 29782369 prime?
True
Is 33845237 a composite number?
True
Is 4557691 composite?
True
Is 4819271 prime?
True
Is 1108397 prime?
True
Is 330151 a composite number?
True
Is 134646881 composite?
False
Is 2119433 a prime number?
True
Is 1981541 a prime number?
False
Is 1505563 a composite number?
False
Is 1536713 a composite number?
True
Is 1691951 a composite number?
True
Is 434996537 a prime number?
True
Is 52365409 prime?
True
Is 1469717 a composite number?
False
Is 85813133 a composite number?
True
Is 4880489 composite?
False
Is 110608583 prime?
False
Is 44830505 prime?
False
Is 126541 a prime number?
True
Is 36508777 prime?
True
Is 111116771 composite?
False
Is 4791181 composite?
False
Is 37560461 composite?
True
Is 7394977 a prime number?
True
Is 4484827 composite?
False
Is 227261 a prime number?
False
Is 8592527 a prime number?
False
Is 150416627 a prime number?
True
Is 38102531 a composite number?
False
Is 411653 a prime number?
False
Is 10477429 a prime number?
True
Is 3331733 prime?
True
Is 126723809 a prime number?
True
Is 21225871 a prime number?
False
Is 35556803 a prime number?
True
Is 17076107 prime?
True
Is 4210877 a prime number?
False
Is 95500013 a composite number?
True
Is 682411 a composite number?
False
Is 104842447 prime?
False
Is 21288043 a composite number?
True
Is 17475187 prime?
True
Is 14001907 a prime number?
True
Is 152754583 prime?
False
Is 284857 prime?
True
Is 108115537 a composite number?
False
Is 9701707 composite?
True
Is 504905813 prime?
True
Is 249282919 a composite number?
True
Is 18032073 a prime number?
False
Is 25432759 prime?
False
Is 445207541 a composite number?
True
Is 816649 a composite number?
False
Is 14849753 a composite number?
False
Is 253739401 composite?
True
Is 49782739 a prime number?
False
Is 203078273 a prime number?
False
Is 41196101 a prime number?
False
Is 35058797 a composite number?
False
Is 9338399 a composite number?
True
Is 1846291 a composite number?
True
Is 333005581 a composite number?
False
Is 10698811 prime?
True
Is 850243 prime?
True
Is 113526359 composite?
False
Is 4251157 a prime number?
True
Is 116996981 prime?
True
Is 501911 prime?
True
Is 34347277 composite?
True
Is 47159621 composite?
True
Is 6562289 composite?
True
Is 2